ivisor of 237 and o?
79
Let u = 3871 - 3858. Let b be 2/6 - 2688/(-9). What is the greatest common factor of u and b?
13
Suppose 44*x = -6834 + 21134. Calculate the greatest common divisor of x and 143.
13
Suppose -26*z + 2678 = -650. What is the greatest common divisor of 112 and z?
16
Suppose 32 = -7*n + 15*n. Suppose 0 = n*s - 5*l - 25, 0*s - 2*l = -4*s + 22. Calculate the highest common factor of 5 and s.
5
Let g(h) be the first derivative of 6 + 2*h - 23*h**2 + 8*h**2 + 14*h**2. Let n be g(-4). What is the greatest common divisor of n and 20?
10
Let s(u) = -u**2 - 4*u + 1. Let g be s(-5). Let w be (g + 3)*(-19)/1. What is the greatest common divisor of 190 and w?
19
Let o(t) = 14*t**2 + 2*t - 1. Let b be o(1). Let v be b*(-5)/(0 - 1). Suppose -25 = 2*l - v. What is the highest common divisor of l and 25?
25
Let s = 85 + -64. Let d = 5 + -2. Calculate the greatest common factor of s and d.
3
Let r be (-4)/((-40)/1338) - 3/(-15). Suppose 3*j = -6, r = 5*v - 5*j + 3*j. What is the highest common factor of v and 13?
13
Suppose -41*g + 25*g + 512 = 0. What is the highest common factor of 1 and g?
1
Let m be (8/6)/(4/30). Let r be 9*3/9*(-2 + 7). Calculate the highest common factor of m and r.
5
Suppose -4*g = -3*g - 22. Suppose 0 = v - g - 264. What is the greatest common factor of v and 26?
26
Let d(s) = -9*s. Let v be d(-2). Let t be (9/6)/(1/v). Let w(c) = -c**3 - c**2 - 8*c + 1. Let f be w(-4). What is the highest common factor of f and t?
27
Suppose t - 2*s - 8 = 0, -3*s = -2*t + 3*t + 2. Suppose -5*m = -4*m - t. Let p be 58*1 - (m - 2). What is the greatest common divisor of p and 8?
8
Let i = -31 + 47. Suppose 20*v = i*v + 72. What is the highest common divisor of v and 27?
9
Suppose -40*z + 23213 = 4493. What is the greatest common factor of 48 and z?
12
Let t be 2/(-9) + 5 + (-238)/63. Let z be (2 - 0) + 1 + 1. What is the greatest common divisor of z and t?
1
Let x(d) = 6*d - 27. Let q be x(5). Suppose 2*u + 5*w - 30 = 0, -75 = -q*u - 2*u + w. Calculate the greatest common factor of 120 and u.
15
Let p be 9 + (53 - -10)/7. Calculate the highest common factor of p and 1.
1
Let s(k) = -k**2 + k + 9. Let d be s(0). Let r(m) = 2*m**2 - m - 15. Let z be r(-6). Calculate the highest common factor of z and d.
9
Let i = 13 - -15. Let a = -57 + 71. Calculate the highest common factor of a and i.
14
Suppose -2*r - 36*w + 66 = -33*w, 0 = -5*r + 4*w + 142. What is the greatest common factor of r and 10?
10
Let i be -8*(-2 - -4 - (-6)/(-12)). Let x be ((-80)/(-6))/((-8)/i + 0). Calculate the greatest common factor of x and 20.
20
Let b(g) = 32*g**3 + 2*g**2 - 6*g + 8. Let y be b(2). What is the highest common factor of 40 and y?
20
Suppose 2*g - g - 265 = -r, 0 = -3*g + 3. Calculate the greatest common divisor of 33 and r.
33
Suppose -9913 = -5*i - g - 1201, -3 = g. What is the highest common factor of i and 7?
7
Let m(g) = 2*g + g**2 + 367 - 242 + 0*g**2. Let y be m(0). What is the greatest common factor of 25 and y?
25
Suppose 2*f + 6 + 0 = 0. Let n be (f/(-2))/(((-63)/96)/(-7)). What is the greatest common factor of 16 and n?
16
Let j(t) = -32*t - 556. Let p be j(-19). What is the greatest common divisor of 650 and p?
26
Suppose f = -0*f + 114. Let o = f + -84. What is the highest common divisor of 270 and o?
30
Let z = 7 + 9. Let r = 9 - 0. Let v = r + 7. Calculate the highest common factor of z and v.
16
Let f be -5*2/(-10) + 2. Suppose -f*s = 4*d - 802, d = 5*s + 560 - 1912. What is the highest common divisor of 18 and s?
18
Let l(q) = -q**3 - 15*q**2 + 16*q. Let o be l(-16). Suppose o*m = 5*s + m - 122, -s + 34 = -3*m. Calculate the greatest common divisor of s and 275.
25
Suppose 0 = 5*a - 408 - 177. Let s(b) = 15*b**3 - 2*b**2 - b + 1. Let y be s(1). What is the highest common factor of a and y?
13
Let g be (-1)/(-4) - 20408/(-32). Let c be (-12)/3 + 1 + g. Suppose 2*q + 215 = c. Calculate the greatest common factor of 21 and q.
21
Suppose 5*v - 192 = v. What is the highest common factor of v and 768?
48
Suppose -3 = -z + 4*u - 65, 0 = 4*z - u + 308. Let h = z - -32. Let b = -26 - h. What is the highest common factor of 8 and b?
4
Let n(j) = -30*j + 5. Let o be n(-7). Suppose -17*l + 950 = -512. What is the greatest common divisor of o and l?
43
Let n be (3/4)/((-11)/572). Let j = n - -23. Let h be 28/j*-6*2. Calculate the highest common divisor of h and 105.
21
Let g(j) = 11*j**2 + 2*j - 8. Let k be g(6). Let i = -769 + 809. What is the greatest common factor of i and k?
40
Suppose -2*n = -3*t - 11, -12*n + 11 = -t - 15*n. Let b be 2*t/10*-70. What is the greatest common factor of b and 56?
14
Suppose 3 = 2*u + 13. Let a be u/(-25) - 139/(-5). What is the highest common divisor of 4 and a?
4
Let x(s) = s. Let a(y) = 2*y**3 + y**2 - 8*y + 3. Let o(p) = a(p) + 6*x(p). Let d be o(2). Calculate the greatest common factor of 133 and d.
19
Let k = 14 - 14. Suppose 0*p + p = k. Suppose -3*u - 2*b + 214 = p, -2*u + 365 = 3*u - 5*b. What is the highest common factor of u and 48?
24
Let w be 40/(-12)*3/(-2). Let v = w + -2. Suppose r - 2*y - 2*y - 24 = 0, -5*r + v*y = -154. Calculate the highest common factor of r and 4.
4
Let w = 4 - -26. Let c(a) = -20*a. Let h be c(-6). Calculate the greatest common divisor of w and h.
30
Let z = 19 - 10. Let n be 13 + -1 + (9 - z). Let a be (2 + (-14)/(-5))/(28/210). Calculate the greatest common divisor of a and n.
12
Suppose -d = 4*d - 2185. Suppose 13*y - 83 - d = 0. What is the highest common divisor of y and 100?
20
Let f(c) = 19*c**3 - 5*c**2 - 7*c + 17. Let l be f(3). What is the highest common factor of 48 and l?
16
Let r be 305/(-10)*-2 + (-11 - -10). Calculate the highest common factor of 48 and r.
12
Let m = 1 + -4. Let x be 0/(-2) - m*4. Let v = 634 - 526. What is the greatest common divisor of v and x?
12
Let z be ((-36)/(-14) - 0) + 148/(-259). Suppose 3*n - 171 = -4*f - 52, -z*n = -f + 27. Calculate the greatest common factor of f and 58.
29
Let d = -51 - -34. Let u = d - -35. What is the highest common divisor of u and 54?
18
Let g = 18 - -12. Let z be 468/g*(-20)/(-6). Suppose -z = -4*q + 28. What is the greatest common divisor of q and 50?
10
Let f = 164 + -119. Suppose -f = -5*m + 5*w, 3*w + 24 + 12 = 4*m. Suppose 2*a - a = 9. Calculate the greatest common factor of m and a.
9
Suppose -4*p + 2*i = -786, 4*i - 607 = -3*p - 34. Let v = -7009 - -7024. Calculate the highest common factor of v and p.
15
Let o(n) = -n**3 - 12*n**2 - 5*n - 42. Let x be o(-12). What is the greatest common factor of x and 522?
18
Suppose -25 = -72*s + 71*s - 4*w, 2*w - 50 = -2*s. Calculate the greatest common factor of 55 and s.
5
Let w be 12/28 - (-3231)/7. Let v = -66 + w. Calculate the greatest common factor of 36 and v.
36
Suppose -m + 40 = -y, 0*m + 4*y = -5*m + 164. What is the greatest common factor of m and 153?
9
Let b(r) = 100*r - 32. Let c be b(5). Calculate the highest common divisor of 9 and c.
9
Suppose 3*v - 2*w = 26 - 16, 2 = -3*v + 5*w. Calculate the greatest common factor of 96 and v.
6
Let z(r) = r**3 - 2*r**2 + 4*r - 3. Let d be z(2). Suppose 2*k + y = 23, 0*k - 55 = -4*k - d*y. What is the highest common divisor of 40 and k?
10
Let g(y) = 25*y**2 + 8*y + 3. Let w be g(-1). Calculate the greatest common divisor of 4 and w.
4
Suppose 5*r + 430 = 5*h, 8*h + r - 262 = 5*h. Calculate the highest common factor of h and 203.
29
Let b(d) = -50*d + 1. Suppose 0 = 7*j - 3*j + 8. Let t be b(j). Suppose -t = -2*s + 35. What is the highest common divisor of s and 17?
17
Let g = 64 - 48. Calculate the highest common divisor of 128 and g.
16
Let f be (1 - 0/(-1)) + 3. Suppose 51*m - 1221 = 2043. What is the greatest common factor of m and f?
4
Let h(v) = v + 23. Let z be h(-13). Suppose 0 = 4*y + m - 7, 5*m + z = -y - 12. Calculate the greatest common divisor of y and 21.
3
Let p(x) = 24*x + 313. Let m be p(-13). Suppose 0 = -y + 3 - 0. What is the greatest common factor of m and y?
1
Suppose -4*i - j + 4*j + 2587 = 0, 0 = 5*i - 2*j - 3232. Calculate the greatest common divisor of i and 38.
38
Let u be 1390/(-14) - 24/(-84). Let p = 139 + u. What is the highest common factor of 30 and p?
10
Let v = 22 - 25. Let p be (-3 - v) + 95*2. Suppose 3*j + 2*i = 146, 2*i = 5*j - j - p. Calculate the highest common 